{"id":647,"date":"2026-02-16T17:02:56","date_gmt":"2026-02-16T16:02:56","guid":{"rendered":"https:\/\/figaswolosewicz.wolosewicz.com\/?post_type=product&#038;p=647"},"modified":"2026-02-16T17:03:26","modified_gmt":"2026-02-16T16:03:26","slug":"voucher-prezentowy-magia-makijazu-w-pracowni-czary-mary","status":"publish","type":"product","link":"https:\/\/figaswolosewicz.wolosewicz.com\/?product=voucher-prezentowy-magia-makijazu-w-pracowni-czary-mary","title":{"rendered":"Voucher Prezentowy \u2013 Magia Makija\u017cu w Pracowni Czary Mary"},"content":{"rendered":"<p data-path-to-node=\"3\">Podaruj bliskiej osobie chwil\u0119 luksusu, profesjonalizmu i pewno\u015bci siebie. Voucher na makija\u017c w <b data-path-to-node=\"3\" data-index-in-node=\"96\">Pracowni Wiza\u017cu Czary Mary<\/b> to co\u015b wi\u0119cej ni\u017c us\u0142uga \u2013 to personalizowane do\u015bwiadczenie, kt\u00f3re podkre\u015bla naturalne pi\u0119kno i pozwala poczu\u0107 si\u0119 wyj\u0105tkowo w najwa\u017cniejszych momentach \u017cycia.<\/p>\n<h3 data-path-to-node=\"4\">Dlaczego warto wybra\u0107 nasz Voucher?<\/h3>\n<ul data-path-to-node=\"5\">\n<li>\n<p data-path-to-node=\"5,0,0\"><b data-path-to-node=\"5,0,0\" data-index-in-node=\"0\">Pe\u0142na personalizacja:<\/b> Makija\u017c dobierany indywidualnie do typu urody, kondycji cery oraz okazji (\u015blub, sesja zdj\u0119ciowa, wielkie wyj\u015bcie).<\/p>\n<\/li>\n<li>\n<p data-path-to-node=\"5,1,0\"><b data-path-to-node=\"5,1,0\" data-index-in-node=\"0\">Trwa\u0142o\u015b\u0107 i jako\u015b\u0107:<\/b> Pracujemy wy\u0142\u0105cznie na selektywnych markach kosmetycznych, zapewniaj\u0105c nienaganny wygl\u0105d przez wiele godzin (standard &#8222;bulletproof&#8221;).<\/p>\n<\/li>\n<li>\n<p data-path-to-node=\"5,2,0\"><b data-path-to-node=\"5,2,0\" data-index-in-node=\"0\">Ekspercka wiedza:<\/b> Ka\u017cda wizyta to tak\u017ce kr\u00f3tka lekcja \u2013 podpowiadamy, jak dba\u0107 o cer\u0119 i jakie kolory najlepiej wsp\u00f3\u0142graj\u0105 z wizerunkiem klientki.<\/p>\n<\/li>\n<li>\n<p data-path-to-node=\"5,3,0\"><b data-path-to-node=\"5,3,0\" data-index-in-node=\"0\">Atmosfera:<\/b> Nasza pracownia to przestrze\u0144 relaksu, gdzie profesjonalne o\u015bwietlenie spotyka si\u0119 z pasj\u0105 do wiza\u017cu.<\/p>\n<\/li>\n<\/ul>\n<p>&nbsp;<\/p>\n<p>&nbsp;<\/p>\n","protected":false},"excerpt":{"rendered":"<p>Podaruj bliskiej osobie chwil\u0119 luksusu, profesjonalizmu i pewno\u015bci siebie. Voucher na makija\u017c w Pracowni Wiza\u017cu Czary Mary to co\u015b wi\u0119cej ni\u017c us\u0142uga \u2013 to personalizowane do\u015bwiadczenie, kt\u00f3re podkre\u015bla naturalne pi\u0119kno i pozwala poczu\u0107 si\u0119 wyj\u0105tkowo w najwa\u017cniejszych momentach \u017cycia. Dlaczego warto wybra\u0107 nasz Voucher? Pe\u0142na personalizacja: Makija\u017c dobierany indywidualnie do typu urody, kondycji cery oraz [&hellip;]<\/p>\n","protected":false},"featured_media":597,"comment_status":"open","ping_status":"closed","template":"","meta":[],"product_brand":[],"product_cat":[15],"product_tag":[],"class_list":{"0":"post-647","1":"product","2":"type-product","3":"status-publish","4":"has-post-thumbnail","6":"product_cat-uncategorized","8":"first","9":"instock","10":"shipping-taxable","11":"purchasable","12":"product-type-simple"},"jetpack_sharing_enabled":true,"_links":{"self":[{"href":"https:\/\/figaswolosewicz.wolosewicz.com\/index.php?rest_route=\/wp\/v2\/product\/647","targetHints":{"allow":["GET"]}}],"collection":[{"href":"https:\/\/figaswolosewicz.wolosewicz.com\/index.php?rest_route=\/wp\/v2\/product"}],"about":[{"href":"https:\/\/figaswolosewicz.wolosewicz.com\/index.php?rest_route=\/wp\/v2\/types\/product"}],"replies":[{"embeddable":true,"href":"https:\/\/figaswolosewicz.wolosewicz.com\/index.php?rest_route=%2Fwp%2Fv2%2Fcomments&post=647"}],"wp:featuredmedia":[{"embeddable":true,"href":"https:\/\/figaswolosewicz.wolosewicz.com\/index.php?rest_route=\/wp\/v2\/media\/597"}],"wp:attachment":[{"href":"https:\/\/figaswolosewicz.wolosewicz.com\/index.php?rest_route=%2Fwp%2Fv2%2Fmedia&parent=647"}],"wp:term":[{"taxonomy":"product_brand","embeddable":true,"href":"https:\/\/figaswolosewicz.wolosewicz.com\/index.php?rest_route=%2Fwp%2Fv2%2Fproduct_brand&post=647"},{"taxonomy":"product_cat","embeddable":true,"href":"https:\/\/figaswolosewicz.wolosewicz.com\/index.php?rest_route=%2Fwp%2Fv2%2Fproduct_cat&post=647"},{"taxonomy":"product_tag","embeddable":true,"href":"https:\/\/figaswolosewicz.wolosewicz.com\/index.php?rest_route=%2Fwp%2Fv2%2Fproduct_tag&post=647"}],"curies":[{"name":"wp","href":"https:\/\/api.w.org\/{rel}","templated":true}]}}